{"id":276,"date":"2020-04-24T11:37:39","date_gmt":"2020-04-24T11:37:39","guid":{"rendered":"http:\/\/reissmann-martin.de\/?page_id=276"},"modified":"2020-04-24T13:09:41","modified_gmt":"2020-04-24T13:09:41","slug":"deutscher-buehnenverein","status":"publish","type":"page","link":"http:\/\/reissmann-martin.de\/?page_id=276","title":{"rendered":"Deutscher B\u00fchnenverein"},"content":{"rendered":"\n<p class=\"has-text-align-center\"><strong>Landesverband Sachsen<\/strong><\/p>\n\n\n\n<p><strong><span class=\"has-inline-color has-accent-color\">Konzept \/ Design \/ Erstellung der Webpr\u00e4senz 2010 <\/span><\/strong><\/p>\n\n\n\n<p>Der Landesverband Sachsen wurde 1990 gegr\u00fcndet und z\u00e4hlt zu seinen Mitgliedern die Rechtstr\u00e4ger (S\u00e4chsisches Staatsministerium f\u00fcr Wissenschaft und Kunst, Oberb\u00fcrgermeister, Landr\u00e4te, Zweckverb\u00e4nde, GmbH-Gesellschafter) und die Intendanten der Theater sowie die Intendanten bzw. Direktoren der Kulturorchester des Freistaates.<\/p>\n\n\n\n<figure class=\"wp-block-image size-large is-resized\"><a href=\"http:\/\/reissmann-martin.de\/wp-content\/uploads\/2020\/04\/buehnenverein_sachsen.jpg\" data-rel=\"lightbox-image-0\" data-rl_title=\"\" data-rl_caption=\"\" title=\"\"><img loading=\"lazy\" decoding=\"async\" src=\"http:\/\/reissmann-martin.de\/wp-content\/uploads\/2020\/04\/buehnenverein_sachsen-1024x664.jpg\" alt=\"\" class=\"wp-image-311\" width=\"728\" height=\"472\" srcset=\"http:\/\/reissmann-martin.de\/wp-content\/uploads\/2020\/04\/buehnenverein_sachsen-1024x664.jpg 1024w, http:\/\/reissmann-martin.de\/wp-content\/uploads\/2020\/04\/buehnenverein_sachsen-300x194.jpg 300w, http:\/\/reissmann-martin.de\/wp-content\/uploads\/2020\/04\/buehnenverein_sachsen-768x498.jpg 768w, http:\/\/reissmann-martin.de\/wp-content\/uploads\/2020\/04\/buehnenverein_sachsen-1536x996.jpg 1536w, http:\/\/reissmann-martin.de\/wp-content\/uploads\/2020\/04\/buehnenverein_sachsen-1240x804.jpg 1240w, http:\/\/reissmann-martin.de\/wp-content\/uploads\/2020\/04\/buehnenverein_sachsen-508x329.jpg 508w, http:\/\/reissmann-martin.de\/wp-content\/uploads\/2020\/04\/buehnenverein_sachsen.jpg 1600w\" sizes=\"auto, (max-width: 728px) 100vw, 728px\" \/><\/a><\/figure>\n","protected":false},"excerpt":{"rendered":"<p>Landesverband Sachsen Konzept \/ Design \/ Erstellung der Webpr\u00e4senz 2010 Der Landesverband Sachsen wurde 1990 gegr\u00fcndet und z\u00e4hlt zu seinen Mitgliedern die Rechtstr\u00e4ger (S\u00e4chsisches Staatsministerium f\u00fcr Wissenschaft und Kunst, Oberb\u00fcrgermeister, Landr\u00e4te, Zweckverb\u00e4nde, GmbH-Gesellschafter) und die Intendanten der Theater sowie die Intendanten bzw. Direktoren der Kulturorchester des Freistaates.<\/p>\n","protected":false},"author":1,"featured_media":0,"parent":0,"menu_order":0,"comment_status":"closed","ping_status":"closed","template":"","meta":{"footnotes":"","_links_to":"","_links_to_target":""},"class_list":["post-276","page","type-page","status-publish","hentry"],"_links":{"self":[{"href":"http:\/\/reissmann-martin.de\/index.php?rest_route=\/wp\/v2\/pages\/276","targetHints":{"allow":["GET"]}}],"collection":[{"href":"http:\/\/reissmann-martin.de\/index.php?rest_route=\/wp\/v2\/pages"}],"about":[{"href":"http:\/\/reissmann-martin.de\/index.php?rest_route=\/wp\/v2\/types\/page"}],"author":[{"embeddable":true,"href":"http:\/\/reissmann-martin.de\/index.php?rest_route=\/wp\/v2\/users\/1"}],"replies":[{"embeddable":true,"href":"http:\/\/reissmann-martin.de\/index.php?rest_route=%2Fwp%2Fv2%2Fcomments&post=276"}],"version-history":[{"count":8,"href":"http:\/\/reissmann-martin.de\/index.php?rest_route=\/wp\/v2\/pages\/276\/revisions"}],"predecessor-version":[{"id":313,"href":"http:\/\/reissmann-martin.de\/index.php?rest_route=\/wp\/v2\/pages\/276\/revisions\/313"}],"wp:attachment":[{"href":"http:\/\/reissmann-martin.de\/index.php?rest_route=%2Fwp%2Fv2%2Fmedia&parent=276"}],"curies":[{"name":"wp","href":"https:\/\/api.w.org\/{rel}","templated":true}]}}